{"id":79,"date":"2021-12-13T12:29:15","date_gmt":"2021-12-13T12:29:15","guid":{"rendered":"http:\/\/www.capellaleopoldina.at\/?page_id=79"},"modified":"2022-11-19T14:29:23","modified_gmt":"2022-11-19T14:29:23","slug":"projekte","status":"publish","type":"page","link":"https:\/\/www.capellaleopoldina.at\/index.php\/projekte\/","title":{"rendered":"Projekte"},"content":{"rendered":"<div id=\"pl-79\"  class=\"panel-layout\" ><div id=\"pg-79-0\"  class=\"panel-grid panel-has-style\" ><div class=\"siteorigin-panels-stretch panel-row-style panel-row-style-for-79-0\" data-stretch-type=\"full\" ><div id=\"pgc-79-0-0\"  class=\"panel-grid-cell\" ><div id=\"panel-79-0-0-0\" class=\"so-panel widget widget_sow-editor panel-first-child panel-last-child\" data-index=\"0\" ><div class=\"panel-widget-style panel-widget-style-for-79-0-0-0\" ><div\n\t\t\t\n\t\t\tclass=\"so-widget-sow-editor so-widget-sow-editor-base\"\n\t\t\t\n\t\t><h3 class=\"widget-title\">Vergangene &amp; geplante Projekte<\/h3>\n<div class=\"siteorigin-widget-tinymce textwidget\">\n\t<h3><span class=\"teaser\">\u201eAlmirante\u201c<\/span><\/h3>\n<p>nennt sich eine \u201eneue Barockoper\u201c, ein Pasticcio von wundersch\u00f6nen Duetten f\u00fcr Sopran und Alt von H. Purcell, G. F. H\u00e4ndel, J. J. Fux und J. S. Bach. Die Duette werden durch Rezitative (nach einem erg\u00e4nzenden Libretto von Thomas H\u00f6ft neukomponiert vom Lautenisten und Komponisten Ugo Nastrucci) verbunden und erz\u00e4hlen die spannende Liebesgeschichte vom Kriegshelden Almirante und der K\u00f6nigstochter Elmira. Die CD mit Deborah York\/Sopran und Lydia Vierlinger\/Alt wurde in der Wiener Hofburgkapelle aufgenommen und ist 2008 bei Phoenix-Edition erschienen.<\/p>\n<h3><span class=\"teaser\">Georg Friedrich H\u00e4ndel: Oratorien<\/span><\/h3>\n<p>\u201eunsere Paradedisziplin\u201c: Capella Leopoldina hat sich aufgrund seiner Besetzung und Ensemblestruktur gerade durch die Interpretation der H\u00e4ndelschen Oratorien (Messiah, Jephtha, Israel in Egypt, Beshazzar, La Resurrezione etc.) seinen guten Ruf erworben. Daher stehen diese Werke ganz oben auf unserer Priorit\u00e4tenliste! In n\u00e4herer Zukunft stehen mit Alcina und Saul zwei weitere fantastische Gro\u00dfwerke H\u00e4ndels am Programm.<\/p>\n<h3><span class=\"teaser\">Johann Sebastian Bach: Missa 1733, Magnificat <\/span><\/h3>\n<p>Kyrie und Gloria der h-moll Messe und das gleich besetzte Magnificat geh\u00f6ren zu den Lieblingswerken des Ensembles. Diese Freude wollen wir gerne mit unserem Publikum teilen. Wir musizieren dieses Programm in der Bachschen Originalbesetzung mit nur 10 S\u00e4ngern und kleinem Orchester. Durch die auf diesem Weg erreichte Transparenz werden sie selbst in diesen altbekannten Werken Neues entdecken!<\/p>\n<h3><span class=\"teaser\">\u201eTagebuch einer musikalischen Reise\u201c <\/span><\/h3>\n<p>Charles Burneys Tagebuch gilt als eine der wichtigsten Quellen des 18. Jahrhunderts und gibt uns zahllose Informationen \u00fcber Auff\u00fchrungstraditionen und Lebensumst\u00e4nde der Zeit. Wir begeben uns ebenfalls auf eine Reise, allerdings 100 Jahre fr\u00fcher, und berichten vom Hofe unseres Namenspatrons Kaiser Leopold I. Wir erz\u00e4hlen die Geschichte vom Tod Ferdinand III., die Kr\u00f6nung Leopold I., dessen Hochzeit mit Margarethe von Spanien, das Leben am Hof, die Pestplage, die T\u00fcrkenkriege und letztlich vom Tod Leopolds. Burgschauspieler Martin Schwab rezitiert Texte aus und \u00fcber die Zeit zur prachtvollen Musik von J. H. Schmelzer, J. J. Fux, A. Cesti, H. I. F. Biber und P. Vejvanovsky.<\/p>\n<h3><span class=\"teaser\">Jauchzet Gott in allen Landen BWV 51 \/ Mein Herze schwimmt in Blut, BWV 199<\/span><\/h3>\n<p>zwei der sch\u00f6nsten Solokantaten Johann Sebastian Bachs, die einer Sopranistin \u201ealles\u201c abverlangen: nicht endenwollende Kolleraturen in \u201eJauchzet Gott\u201c im Wettstreit mit der ebenso virtuosen Trompete stehen tiefsten Seufzermotiven im Dialog mit der Solooboe in der Kantate 199, \u201eMein Herze schwimmt im Blut\u201c gegen\u00fcber. Umrahmt werden die Kantaten durch Instrumentalmusik Bachs (Brandenburgisches Konzert 2 bzw. Orgeltriosonate) oder Telemanns Tafelmusik, Suite und Conclusion in D-dur<\/p>\n<h3><span class=\"teaser\">\u201eFUSION \u2013 Baroque meets Jazz\u201c <\/span><\/h3>\n<p>Eine alte irische Volksweise als Pop-Ballade \u2013 ein Nr. 1-Hit aus den 70ern als barocke Triosonate \u2013 ein Renaissancetanz als funkig-grooviges Highlight \u2013 ein Duett eines historischen Zink mit einem modernen Saxophon ... CAPELLA LEOPOLDINA und AMEN fusionieren historische Auff\u00fchrungspraxis und modernen Jazz. Was dabei herauskommt ist ein Feuerwerk an h\u00f6chster Improvisationskunst und Klangfarbenvielfalt \u2013 voller Kreativit\u00e4t und pulsierender Musizierfreude!<\/p>\n<\/div>\n<\/div><\/div><\/div><\/div><\/div><\/div><\/div>","protected":false},"excerpt":{"rendered":"<p>\u201eAlmirante\u201c nennt sich eine \u201eneue Barockoper\u201c, ein Pasticcio von wundersch\u00f6nen Duetten f\u00fcr Sopran und Alt [&hellip;]<\/p>\n","protected":false},"author":1,"featured_media":0,"parent":0,"menu_order":10,"comment_status":"closed","ping_status":"closed","template":"","meta":{"footnotes":""},"class_list":["post-79","page","type-page","status-publish","hentry","post"],"_links":{"self":[{"href":"https:\/\/www.capellaleopoldina.at\/index.php\/wp-json\/wp\/v2\/pages\/79","targetHints":{"allow":["GET"]}}],"collection":[{"href":"https:\/\/www.capellaleopoldina.at\/index.php\/wp-json\/wp\/v2\/pages"}],"about":[{"href":"https:\/\/www.capellaleopoldina.at\/index.php\/wp-json\/wp\/v2\/types\/page"}],"author":[{"embeddable":true,"href":"https:\/\/www.capellaleopoldina.at\/index.php\/wp-json\/wp\/v2\/users\/1"}],"replies":[{"embeddable":true,"href":"https:\/\/www.capellaleopoldina.at\/index.php\/wp-json\/wp\/v2\/comments?post=79"}],"version-history":[{"count":8,"href":"https:\/\/www.capellaleopoldina.at\/index.php\/wp-json\/wp\/v2\/pages\/79\/revisions"}],"predecessor-version":[{"id":406,"href":"https:\/\/www.capellaleopoldina.at\/index.php\/wp-json\/wp\/v2\/pages\/79\/revisions\/406"}],"wp:attachment":[{"href":"https:\/\/www.capellaleopoldina.at\/index.php\/wp-json\/wp\/v2\/media?parent=79"}],"curies":[{"name":"wp","href":"https:\/\/api.w.org\/{rel}","templated":true}]}}

<div id="pl-79"  class="panel-layout" ><div id="pg-79-0"  class="panel-grid panel-has-style" ><div class="siteorigin-panels-stretch panel-row-style panel-row-style-for-79-0" data-stretch-type="full" ><div id="pgc-79-0-0"  class="panel-grid-cell" ><div id="panel-79-0-0-0" class="so-panel widget widget_sow-editor panel-first-child panel-last-child" data-index="0" ><div class="panel-widget-style panel-widget-style-for-79-0-0-0" ><div
			
			class="so-widget-sow-editor so-widget-sow-editor-base"
			
		><h3 class="widget-title">Vergangene &amp; geplante Projekte</h3>
<div class="siteorigin-widget-tinymce textwidget">
	<h3><span class="teaser">„Almirante“</span></h3>
<p>nennt sich eine „neue Barockoper“, ein Pasticcio von wunderschönen Duetten für Sopran und Alt von H. Purcell, G. F. Händel, J. J. Fux und J. S. Bach. Die Duette werden durch Rezitative (nach einem ergänzenden Libretto von Thomas Höft neukomponiert vom Lautenisten und Komponisten Ugo Nastrucci) verbunden und erzählen die spannende Liebesgeschichte vom Kriegshelden Almirante und der Königstochter Elmira. Die CD mit Deborah York/Sopran und Lydia Vierlinger/Alt wurde in der Wiener Hofburgkapelle aufgenommen und ist 2008 bei Phoenix-Edition erschienen.</p>
<h3><span class="teaser">Georg Friedrich Händel: Oratorien</span></h3>
<p>„unsere Paradedisziplin“: Capella Leopoldina hat sich aufgrund seiner Besetzung und Ensemblestruktur gerade durch die Interpretation der Händelschen Oratorien (Messiah, Jephtha, Israel in Egypt, Beshazzar, La Resurrezione etc.) seinen guten Ruf erworben. Daher stehen diese Werke ganz oben auf unserer Prioritätenliste! In näherer Zukunft stehen mit Alcina und Saul zwei weitere fantastische Großwerke Händels am Programm.</p>
<h3><span class="teaser">Johann Sebastian Bach: Missa 1733, Magnificat </span></h3>
<p>Kyrie und Gloria der h-moll Messe und das gleich besetzte Magnificat gehören zu den Lieblingswerken des Ensembles. Diese Freude wollen wir gerne mit unserem Publikum teilen. Wir musizieren dieses Programm in der Bachschen Originalbesetzung mit nur 10 Sängern und kleinem Orchester. Durch die auf diesem Weg erreichte Transparenz werden sie selbst in diesen altbekannten Werken Neues entdecken!</p>
<h3><span class="teaser">„Tagebuch einer musikalischen Reise“ </span></h3>
<p>Charles Burneys Tagebuch gilt als eine der wichtigsten Quellen des 18. Jahrhunderts und gibt uns zahllose Informationen über Aufführungstraditionen und Lebensumstände der Zeit. Wir begeben uns ebenfalls auf eine Reise, allerdings 100 Jahre früher, und berichten vom Hofe unseres Namenspatrons Kaiser Leopold I. Wir erzählen die Geschichte vom Tod Ferdinand III., die Krönung Leopold I., dessen Hochzeit mit Margarethe von Spanien, das Leben am Hof, die Pestplage, die Türkenkriege und letztlich vom Tod Leopolds. Burgschauspieler Martin Schwab rezitiert Texte aus und über die Zeit zur prachtvollen Musik von J. H. Schmelzer, J. J. Fux, A. Cesti, H. I. F. Biber und P. Vejvanovsky.</p>
<h3><span class="teaser">Jauchzet Gott in allen Landen BWV 51 / Mein Herze schwimmt in Blut, BWV 199</span></h3>
<p>zwei der schönsten Solokantaten Johann Sebastian Bachs, die einer Sopranistin „alles“ abverlangen: nicht endenwollende Kolleraturen in „Jauchzet Gott“ im Wettstreit mit der ebenso virtuosen Trompete stehen tiefsten Seufzermotiven im Dialog mit der Solooboe in der Kantate 199, „Mein Herze schwimmt im Blut“ gegenüber. Umrahmt werden die Kantaten durch Instrumentalmusik Bachs (Brandenburgisches Konzert 2 bzw. Orgeltriosonate) oder Telemanns Tafelmusik, Suite und Conclusion in D-dur</p>
<h3><span class="teaser">„FUSION – Baroque meets Jazz“ </span></h3>
<p>Eine alte irische Volksweise als Pop-Ballade – ein Nr. 1-Hit aus den 70ern als barocke Triosonate – ein Renaissancetanz als funkig-grooviges Highlight – ein Duett eines historischen Zink mit einem modernen Saxophon ... CAPELLA LEOPOLDINA und AMEN fusionieren historische Aufführungspraxis und modernen Jazz. Was dabei herauskommt ist ein Feuerwerk an höchster Improvisationskunst und Klangfarbenvielfalt – voller Kreativität und pulsierender Musizierfreude!</p>
</div>
</div></div></div></div></div></div></div>

<p>„Almirante“ nennt sich eine „neue Barockoper“, ein Pasticcio von wunderschönen Duetten für Sopran und Alt [&hellip;]</p>
