{"id":368,"date":"2021-12-15T17:02:51","date_gmt":"2021-12-15T17:02:51","guid":{"rendered":"http:\/\/www.capellaleopoldina.at\/?page_id=368"},"modified":"2022-11-19T14:47:06","modified_gmt":"2022-11-19T14:47:06","slug":"prensa-2","status":"publish","type":"page","link":"https:\/\/www.capellaleopoldina.at\/index.php\/es\/prensa-2\/","title":{"rendered":"Prensa"},"content":{"rendered":"<div id=\"pl-368\"  class=\"panel-layout\" ><div id=\"pg-368-0\"  class=\"panel-grid panel-has-style\" ><div class=\"siteorigin-panels-stretch panel-row-style panel-row-style-for-368-0\" data-stretch-type=\"full\" ><div id=\"pgc-368-0-0\"  class=\"panel-grid-cell\" ><div id=\"panel-368-0-0-0\" class=\"so-panel widget widget_sow-editor panel-first-child panel-last-child\" data-index=\"0\" ><div class=\"panel-widget-style panel-widget-style-for-368-0-0-0\" ><div\n\t\t\t\n\t\t\tclass=\"so-widget-sow-editor so-widget-sow-editor-base\"\n\t\t\t\n\t\t><h3 class=\"widget-title\">Prensa<\/h3>\n<div class=\"siteorigin-widget-tinymce textwidget\">\n\t<p>Prensa:<\/p>\n<div id='gallery-1' class='gallery galleryid-368 gallery-columns-4 gallery-size-thumbnail'><figure class='gallery-item'>\n\t\t\t<div class='gallery-icon landscape'>\n\t\t\t\t<a href='https:\/\/www.capellaleopoldina.at\/wp-content\/uploads\/2021\/12\/presse02_gr.jpg'><img loading=\"lazy\" decoding=\"async\" width=\"150\" height=\"150\" src=\"https:\/\/www.capellaleopoldina.at\/wp-content\/uploads\/2021\/12\/presse02_gr-150x150.jpg\" class=\"attachment-thumbnail size-thumbnail\" alt=\"\" aria-describedby=\"gallery-1-121\" srcset=\"https:\/\/www.capellaleopoldina.at\/wp-content\/uploads\/2021\/12\/presse02_gr-150x150.jpg 150w, https:\/\/www.capellaleopoldina.at\/wp-content\/uploads\/2021\/12\/presse02_gr-500x500.jpg 500w\" sizes=\"auto, (max-width: 150px) 100vw, 150px\" \/><\/a>\n\t\t\t<\/div>\n\t\t\t\t<figcaption class='wp-caption-text gallery-caption' id='gallery-1-121'>\n\t\t\t\t<center>Capella Leopoldina <br>\u00a9 Stefan Schweiger <br>Download: rgb\/jpg 2 MB<\/center> \n\t\t\t\t<\/figcaption><\/figure><figure class='gallery-item'>\n\t\t\t<div class='gallery-icon landscape'>\n\t\t\t\t<a href='https:\/\/www.capellaleopoldina.at\/wp-content\/uploads\/2021\/12\/presse05_gr.jpg'><img loading=\"lazy\" decoding=\"async\" width=\"150\" height=\"150\" src=\"https:\/\/www.capellaleopoldina.at\/wp-content\/uploads\/2021\/12\/presse05_gr-150x150.jpg\" class=\"attachment-thumbnail size-thumbnail\" alt=\"\" aria-describedby=\"gallery-1-124\" srcset=\"https:\/\/www.capellaleopoldina.at\/wp-content\/uploads\/2021\/12\/presse05_gr-150x150.jpg 150w, https:\/\/www.capellaleopoldina.at\/wp-content\/uploads\/2021\/12\/presse05_gr-500x500.jpg 500w\" sizes=\"auto, (max-width: 150px) 100vw, 150px\" \/><\/a>\n\t\t\t<\/div>\n\t\t\t\t<figcaption class='wp-caption-text gallery-caption' id='gallery-1-124'>\n\t\t\t\t<center>Capella Leopoldina <br>\u00a9 Stefan Schweiger <br>Download: rgb\/jpg 2 MB <\/center> \n\t\t\t\t<\/figcaption><\/figure><figure class='gallery-item'>\n\t\t\t<div class='gallery-icon landscape'>\n\t\t\t\t<a href='https:\/\/www.capellaleopoldina.at\/wp-content\/uploads\/2021\/12\/presse03_gr.jpg'><img loading=\"lazy\" decoding=\"async\" width=\"150\" height=\"150\" src=\"https:\/\/www.capellaleopoldina.at\/wp-content\/uploads\/2021\/12\/presse03_gr-150x150.jpg\" class=\"attachment-thumbnail size-thumbnail\" alt=\"\" aria-describedby=\"gallery-1-122\" srcset=\"https:\/\/www.capellaleopoldina.at\/wp-content\/uploads\/2021\/12\/presse03_gr-150x150.jpg 150w, https:\/\/www.capellaleopoldina.at\/wp-content\/uploads\/2021\/12\/presse03_gr-500x500.jpg 500w\" sizes=\"auto, (max-width: 150px) 100vw, 150px\" \/><\/a>\n\t\t\t<\/div>\n\t\t\t\t<figcaption class='wp-caption-text gallery-caption' id='gallery-1-122'>\n\t\t\t\t<center>Capella Leopoldina <br>\u00a9 Stefan Schweiger <br>Download: rgb\/jpg 2 MB <\/center> \n\t\t\t\t<\/figcaption><\/figure><figure class='gallery-item'>\n\t\t\t<div class='gallery-icon landscape'>\n\t\t\t\t<a href='https:\/\/www.capellaleopoldina.at\/wp-content\/uploads\/2021\/12\/presse04_gr.jpg'><img loading=\"lazy\" decoding=\"async\" width=\"150\" height=\"150\" src=\"https:\/\/www.capellaleopoldina.at\/wp-content\/uploads\/2021\/12\/presse04_gr-150x150.jpg\" class=\"attachment-thumbnail size-thumbnail\" alt=\"\" aria-describedby=\"gallery-1-123\" srcset=\"https:\/\/www.capellaleopoldina.at\/wp-content\/uploads\/2021\/12\/presse04_gr-150x150.jpg 150w, https:\/\/www.capellaleopoldina.at\/wp-content\/uploads\/2021\/12\/presse04_gr-500x500.jpg 500w\" sizes=\"auto, (max-width: 150px) 100vw, 150px\" \/><\/a>\n\t\t\t<\/div>\n\t\t\t\t<figcaption class='wp-caption-text gallery-caption' id='gallery-1-123'>\n\t\t\t\t<center>Capella Leopoldina <br>\u00a9 Stefan Schweiger <br>Download: rgb\/jpg 2 MB<\/center>  \n\t\t\t\t<\/figcaption><\/figure><figure class='gallery-item'>\n\t\t\t<div class='gallery-icon landscape'>\n\t\t\t\t<a href='https:\/\/www.capellaleopoldina.at\/wp-content\/uploads\/2021\/12\/presse01_gr.jpg'><img loading=\"lazy\" decoding=\"async\" width=\"150\" height=\"150\" src=\"https:\/\/www.capellaleopoldina.at\/wp-content\/uploads\/2021\/12\/presse01_gr-150x150.jpg\" class=\"attachment-thumbnail size-thumbnail\" alt=\"\" aria-describedby=\"gallery-1-120\" srcset=\"https:\/\/www.capellaleopoldina.at\/wp-content\/uploads\/2021\/12\/presse01_gr-150x150.jpg 150w, https:\/\/www.capellaleopoldina.at\/wp-content\/uploads\/2021\/12\/presse01_gr-500x500.jpg 500w\" sizes=\"auto, (max-width: 150px) 100vw, 150px\" \/><\/a>\n\t\t\t<\/div>\n\t\t\t\t<figcaption class='wp-caption-text gallery-caption' id='gallery-1-120'>\n\t\t\t\t<center>Capella Leopoldina <br>\u00a9 Stefan Schweiger <br>Download: rgb\/jpg 2 MB <\/center> \n\t\t\t\t<\/figcaption><\/figure><figure class='gallery-item'>\n\t\t\t<div class='gallery-icon landscape'>\n\t\t\t\t<a href='https:\/\/www.capellaleopoldina.at\/wp-content\/uploads\/2021\/12\/presse07_gr.jpg'><img loading=\"lazy\" decoding=\"async\" width=\"150\" height=\"150\" src=\"https:\/\/www.capellaleopoldina.at\/wp-content\/uploads\/2021\/12\/presse07_gr-150x150.jpg\" class=\"attachment-thumbnail size-thumbnail\" alt=\"\" aria-describedby=\"gallery-1-125\" srcset=\"https:\/\/www.capellaleopoldina.at\/wp-content\/uploads\/2021\/12\/presse07_gr-150x150.jpg 150w, https:\/\/www.capellaleopoldina.at\/wp-content\/uploads\/2021\/12\/presse07_gr-500x500.jpg 500w\" sizes=\"auto, (max-width: 150px) 100vw, 150px\" \/><\/a>\n\t\t\t<\/div>\n\t\t\t\t<figcaption class='wp-caption-text gallery-caption' id='gallery-1-125'>\n\t\t\t\t<center>Capella Leopoldina <br>Foto: Claudia Prieler <br>Download: rgb\/jpg 2 MB<\/center> \n\t\t\t\t<\/figcaption><\/figure><figure class='gallery-item'>\n\t\t\t<div class='gallery-icon portrait'>\n\t\t\t\t<a href='https:\/\/www.capellaleopoldina.at\/wp-content\/uploads\/2021\/12\/presse08_gr.jpg'><img loading=\"lazy\" decoding=\"async\" width=\"150\" height=\"150\" src=\"https:\/\/www.capellaleopoldina.at\/wp-content\/uploads\/2021\/12\/presse08_gr-150x150.jpg\" class=\"attachment-thumbnail size-thumbnail\" alt=\"\" aria-describedby=\"gallery-1-126\" srcset=\"https:\/\/www.capellaleopoldina.at\/wp-content\/uploads\/2021\/12\/presse08_gr-150x150.jpg 150w, https:\/\/www.capellaleopoldina.at\/wp-content\/uploads\/2021\/12\/presse08_gr-500x500.jpg 500w\" sizes=\"auto, (max-width: 150px) 100vw, 150px\" \/><\/a>\n\t\t\t<\/div>\n\t\t\t\t<figcaption class='wp-caption-text gallery-caption' id='gallery-1-126'>\n\t\t\t\t<center>Capella Leopoldina <br>Foto: Claudia Prieler <br>Download: rgb\/jpg 2 MB<\/center> \n\t\t\t\t<\/figcaption><\/figure>\n\t\t<\/div>\n\n<\/div>\n<\/div><\/div><\/div><\/div><\/div><\/div><div id=\"pg-368-1\"  class=\"panel-grid panel-has-style\" ><div class=\"siteorigin-panels-stretch panel-row-style panel-row-style-for-368-1\" data-stretch-type=\"full\" ><div id=\"pgc-368-1-0\"  class=\"panel-grid-cell\" ><div id=\"panel-368-1-0-0\" class=\"so-panel widget widget_sow-editor panel-first-child panel-last-child\" data-index=\"1\" ><div\n\t\t\t\n\t\t\tclass=\"so-widget-sow-editor so-widget-sow-editor-base\"\n\t\t\t\n\t\t><h3 class=\"widget-title\">Cr\u00edticos<\/h3>\n<div class=\"siteorigin-widget-tinymce textwidget\">\n\t<p>... a esta orquesta que toca con tanto placer, le pertenece el futuro ... <em>S\u00dcDDEUTSCHE TAGESZEITUNG<\/em><\/p>\n<p>... esta tarde de m\u00fasica \u2013 \u00a1qu\u00e9 felicidad! <em>KURIER<\/em><\/p>\n<p>... La orquesta Capella Leopoldina toc\u00f3 con brillantez sobresaliente jam\u00e1s antes escuchada \u2013 \u00a1fue un acontecimiento \u00fanico! ... <em>KLEINE ZEITUNG<\/em><\/p>\n<p>... Fue la articulaci\u00f3n tanto expresiva como elegante, y fue el arte soberano de las modulaciones que han cautivado por completo al auditorio en un mundo sentimental con una riqueza po\u00e9tica, con la cual el hombre del siglo 20 s\u00f3lo puede so\u00f1ar ... <em>DIE PRESSE<\/em><\/p>\n<p>... \u00a1La armon\u00eda musical que J\u00f6rg Zwicker ha logrado imponer a toda fuerza en la sala \"Minoriten\" repleta con la obra de H\u00e4ndel \"The ways of Zion\" merec\u00eda la grabaci\u00f3n de un disco! ... <em>KLEINE ZEITUNG<\/em><\/p>\n<p>... fue un momento de felicidad de la M\u00fasica Antigua! Fue un acontecimiento de calidad excepcional el regalo que nos hizo la famosa orquesta Capella Leopoldina en la sala \"Minoriten\" repleta, con la colaboraci\u00f3n de la estrella Guy de Mey, tenor \u2026 <em>KRONEN ZEITUNG<\/em><\/p>\n<p>... pocas veces se ha demostrado tanto sentido para la dramaturgia barroca llena de carisma, refinamiento y profundidad. Y tambi\u00e9n pocas veces se ha tenido ese placer de escuchar sonidos autenticos ... <em>KLEINE ZEITUNG<\/em><\/p>\n<\/div>\n<\/div><\/div><\/div><div id=\"pgc-368-1-1\"  class=\"panel-grid-cell\" ><div id=\"panel-368-1-1-0\" class=\"so-panel widget widget_sow-editor panel-first-child panel-last-child\" data-index=\"2\" ><div\n\t\t\t\n\t\t\tclass=\"so-widget-sow-editor so-widget-sow-editor-base\"\n\t\t\t\n\t\t><h3 class=\"widget-title\">Cr\u00edticos<\/h3>\n<div class=\"siteorigin-widget-tinymce textwidget\">\n\t<p>... la representaci\u00f3n en concierto de la obra \"Pastorela de Telemann\" en Gmunden fue un acontecimiento de felicidad. Las cuerdas de la Capella Leopoldina, fundada por J\u00f6rg Zwicker, demostraron golpes de arco precisos, tocando en harmon\u00eda en piano como en forte. Una excelencia igual fue demostrada por los m\u00fasicos de viento madera y las trompas con su frase bell\u00edsima y su timbre melodioso, as\u00ed como por los trompetistas con su intonaci\u00f3n clara y precisa ... <em>CONCERTO<\/em><\/p>\n<p>... esta orquesta sin duda alguna forma parte de la nueva generaci\u00f3n de esperanzas en el campo de la M\u00fasica de C\u00e1mara barroca ... <em>S\u00dcDDEUTSCHE TAGESZEIT<\/em>UNG<\/p>\n<p>... los sonidos encantadores de la orquesta Capella Leopoldina no se pod\u00edan superar en cuanto a la transparencia y la profundidad ... <em>KLEINE ZEITUNG<\/em><\/p>\n<p>... un acontecimiento: la orquesta Capella Leopoldina toc\u00f3 con una transparencia clara como la seda y una sensibilidad extraordinaria ... <em>NEUE ZEIT<\/em><\/p>\n<p>... una interpretaci\u00f3n llena de temperamento fascinante por los jovenes especialistas de la M\u00fasica Antigua de Capella Leopoldina ... <em>CONCERTO<\/em><\/p>\n<p>... ya era hora de conocer a la orquesta Capella Leopoldina ... <em>WIENER ZEITUNG<\/em><\/p>\n<p>&nbsp;<\/p>\n<\/div>\n<\/div><\/div><\/div><\/div><\/div><\/div>","protected":false},"excerpt":{"rendered":"<p>Prensa: &#8230; a esta orquesta que toca con tanto placer, le pertenece el futuro &#8230; [&hellip;]<\/p>\n","protected":false},"author":2,"featured_media":0,"parent":0,"menu_order":240,"comment_status":"closed","ping_status":"closed","template":"","meta":{"footnotes":""},"class_list":["post-368","page","type-page","status-publish","hentry","post"],"_links":{"self":[{"href":"https:\/\/www.capellaleopoldina.at\/index.php\/wp-json\/wp\/v2\/pages\/368","targetHints":{"allow":["GET"]}}],"collection":[{"href":"https:\/\/www.capellaleopoldina.at\/index.php\/wp-json\/wp\/v2\/pages"}],"about":[{"href":"https:\/\/www.capellaleopoldina.at\/index.php\/wp-json\/wp\/v2\/types\/page"}],"author":[{"embeddable":true,"href":"https:\/\/www.capellaleopoldina.at\/index.php\/wp-json\/wp\/v2\/users\/2"}],"replies":[{"embeddable":true,"href":"https:\/\/www.capellaleopoldina.at\/index.php\/wp-json\/wp\/v2\/comments?post=368"}],"version-history":[{"count":5,"href":"https:\/\/www.capellaleopoldina.at\/index.php\/wp-json\/wp\/v2\/pages\/368\/revisions"}],"predecessor-version":[{"id":431,"href":"https:\/\/www.capellaleopoldina.at\/index.php\/wp-json\/wp\/v2\/pages\/368\/revisions\/431"}],"wp:attachment":[{"href":"https:\/\/www.capellaleopoldina.at\/index.php\/wp-json\/wp\/v2\/media?parent=368"}],"curies":[{"name":"wp","href":"https:\/\/api.w.org\/{rel}","templated":true}]}}